Is 1270 a multiple of 9?
False
Is 41 a factor of 82?
True
Is 15 a factor of 1911?
False
Is 23 a factor of 11423?
False
Does 73 divide 15768?
True
Is 3536 a multiple of 13?
True
Is 3575 a multiple of 65?
True
Is 53 a factor of 2578?
False
Is 5 a factor of 805?
True
Is 17371 a multiple of 17?
False
Is 7 a factor of 1817?
False
Is 802 a multiple of 35?
False
Is 45 a factor of 3037?
False
Is 5322 a multiple of 11?
False
Is 44821 a multiple of 43?
False
Is 60 a factor of 2400?
True
Is 16184 a multiple of 238?
True
Is 8 a factor of 1722?
False
Is 4 a factor of 1766?
False
Does 20 divide 461?
False
Does 31 divide 6132?
False
Does 155 divide 54560?
True
Is 132 a factor of 12936?
True
Does 110 divide 12320?
True
Is 2178 a multiple of 11?
True
Is 1730 a multiple of 4?
False
Is 3128 a multiple of 26?
False
Is 82 a factor of 574?
True
Does 63 divide 756?
True
Does 43 divide 23359?
False
Is 692 a multiple of 44?
False
Does 15 divide 3097?
False
Does 14 divide 1960?
True
Does 109 divide 2839?
False
Is 4063 a multiple of 3?
False
Is 29807 a multiple of 43?
False
Is 30 a factor of 2340?
True
Is 1376 a multiple of 86?
True
Is 31 a factor of 8494?
True
Is 196 a factor of 6272?
True
Does 64 divide 3328?
True
Does 15 divide 8068?
False
Is 1772 a multiple of 12?
False
Does 38 divide 18126?
True
Is 876 a multiple of 6?
True
Is 95 a multiple of 19?
True
Is 7141 a multiple of 24?
False
Does 22 divide 2413?
False
Is 9 a factor of 1408?
False
Does 21 divide 434?
False
Is 83003 a multiple of 241?
False
Is 4 a factor of 3452?
True
Is 7504 a multiple of 67?
True
Is 18 a factor of 3482?
False
Is 12 a factor of 1425?
False
Is 7428 a multiple of 13?
False
Is 55 a factor of 47655?
False
Does 116 divide 417?
False
Is 30 a factor of 1708?
False
Is 1402 a multiple of 25?
False
Does 16 divide 548?
False
Is 8 a factor of 4416?
True
Is 8 a factor of 3222?
False
Is 59 a factor of 3433?
False
Does 22 divide 220?
True
Is 83328 a multiple of 44?
False
Is 1107 a multiple of 30?
False
Is 18 a factor of 1404?
True
Is 179 a factor of 16141?
False
Is 78 a factor of 292?
False
Is 2775 a multiple of 15?
True
Is 12 a factor of 480?
True
Is 28 a multiple of 4?
True
Is 13 a factor of 1482?
True
Is 19 a factor of 798?
True
Does 27 divide 8043?
False
Is 8 a factor of 1976?
True
Does 4 divide 33?
False
Does 3 divide 333?
True
Does 22 divide 17843?
False
Is 21 a factor of 3276?
True
Does 5 divide 255?
True
Is 1120 a multiple of 20?
True
Is 59 a factor of 413?
True
Does 5 divide 205?
True
Is 7 a factor of 30113?
False
Does 115 divide 3105?
True
Is 88800 a multiple of 74?
True
Is 8 a factor of 817?
False
Does 4 divide 4004?
True
Does 27 divide 2926?
False
Does 21 divide 3381?
True
Is 3722 a multiple of 115?
False
Is 18 a multiple of 18?
True
Is 2462 a multiple of 42?
False
Is 99 a factor of 495?
True
Is 97 a factor of 1932?
False
Is 419 a multiple of 38?
False
Does 2 divide 167?
False
Is 333 a multiple of 37?
True
Is 8 a factor of 5712?
True
Is 49 a factor of 3577?
True
Is 2409 a multiple of 11?
True
Is 26843 a multiple of 61?
False
Is 3 a factor of 1011?
True
Does 11 divide 77?
True
Is 35775 a multiple of 45?
True
Is 31 a factor of 944?
False
Is 68 a multiple of 5?
False
Is 127 a factor of 18796?
True
Is 16 a factor of 400?
True
Does 34 divide 21862?
True
Is 214 a multiple of 10?
False
Does 22 divide 3146?
True
Does 44 divide 528?
True
Does 10 divide 633?
False
Is 20 a factor of 20207?
False
Does 14 divide 608?
False
Is 36 a factor of 3813?
False
Is 221 a multiple of 5?
False
Is 5 a factor of 13645?
True
Is 13064 a multiple of 184?
True
Is 17 a factor of 915?
False
Is 32437 a multiple of 279?
False
Is 6 a factor of 2724?
True
Is 194 a multiple of 4?
False
Is 2752 a multiple of 77?
False
Is 9093 a multiple of 21?
True
Is 20 a factor of 15600?
True
Does 52 divide 4281?
False
Is 64128 a multiple of 192?
True
Is 79 a factor of 88596?
False
Is 43 a factor of 67166?
True
Is 18675 a multiple of 58?
False
Does 51 divide 10016?
False
Is 6 a factor of 90?
True
Is 51 a factor of 3763?
False
Is 36 a multiple of 9?
True
Is 7695 a multiple of 57?
True
Is 86 a factor of 430?
True
Does 22 divide 770?
True
Does 31 divide 1891?
True
Does 30 divide 2006?
False
Is 3007 a multiple of 3?
False
Does 283 divide 14999?
True
Is 7846 a multiple of 97?
False
Is 1310 a multiple of 18?
False
Is 264 a multiple of 22?
True
Does 3 divide 8995?
False
Is 6 a factor of 158?
False
Is 52 a factor of 52?
True
Does 131 divide 4847?
True
Is 214 a factor of 142952?
True
Is 21393 a multiple of 4?
False
Is 488 a multiple of 8?
True
Is 28 a factor of 735?
False
Is 29 a factor of 1999?
False
Does 36 divide 3456?
True
Is 7030 a multiple of 74?
True
Is 289 a multiple of 17?
True
Does 19 divide 242?
False
Is 65 a factor of 176?
False
Is 31 a factor of 517?
False
Is 59 a factor of 3776?
True
Does 6 divide 54?
True
Is 3851 a multiple of 28?
False
Does 26 divide 3567?
False
Is 3349 a multiple of 8?
False
Does 7 divide 238?
True
Is 632 even?
True
Does 42 divide 101113?
False
Is 2703 a multiple of 51?
True
Is 28047 a multiple of 19?
False
Does 67 divide 10784?
False
Is 153510 a multiple of 51?
True
Does 16 divide 700?
False
Is 122 a factor of 572?
False
Is 18 a factor of 19896?
False
Is 337 even?
False
Is 677 a multiple of 15?
False
Is 80541 a multiple of 57?
True
Is 1925 a multiple of 7?
True
Is 99 a factor of 21186?
True
Does 18 divide 1836?
True
Does 20 divide 14973?
False
Is 540 a multiple of 54?
True
Is 1064 a multiple of 14?
True
Is 1332 a multiple of 36?
True
Is 10 a factor of 586?
False
Does 53 divide 13690?
False
Is 102 a factor of 1627?
False
Is 40407 a multiple of 74?
False
Is 12578 a multiple of 78?
False
Is 2715 a multiple of 15?
True
Is 538 a multiple of 31?
False
Is 6006 a multiple of 13?
True
Is 76 a factor of 39140?
True
Is 946 a multiple of 11?
True
Is 46414 a multiple of 9?
False
Is 114 even?
True
Is 11 a factor of 23540?
True
Does 118 divide 9855?
False
Is 154 a factor of 31262?
True
Is 831 a multiple of 7?
False
Is 136 a factor of 1214?
False
Is 902 a multiple of 22?
True
Does 35 divide 4305?
True
Is 16 a factor of 9648?
True
Is 2204 a multiple of 58?
True
Is 1486 a multiple of 67?
False
Is 1635 a multiple of 9?
False
Does 8 divide 241?
False
Is 965 a multiple of 50?
False
Is 6644 a multiple of 2?
True
Is 5689 a multiple of 19?
False
Is 4570 a multiple of 18?
False
Does 13 divide 37?
False
Does 29 divide 5363?
False
Is 107442 a multiple of 18?
True
Is 60 a factor of 10200?
True
Is 22042 a multiple of 107?
True
Is 32 a factor of 17344?
True
Is 8874 a multiple of 9?
True
Does 11 divide 145?
False
Is 37 a factor of 1746?
False
Is 819 a multiple of 9?
True
Does 10 divide 690?
True
Does 4 divide 5557?
False
Is 13340 a multiple of 46?
True
Is 6 a factor of 11320?
False
Is 29 a factor of 1141?
False
Is 2576 a multiple of 13?
False
Does 2 divide 2705?
False
Does 15 divide 405?
True
Is 12 a factor of 255?
False
Is 11 a factor of 2656?
False
Is 3675 a multiple of 105?
True
Is 43 a factor of 12900?
True
Does 19 divide 5022?
False
Is 22457 a multiple of 17?
True
Is 1415 a multiple of 21?
False
Does 17 divide 1802?
True
Is 84076 a multiple of 29?
False
Is 2658 a multiple of 3?
True
Is 2000 a multiple of 50?
True
Is 101 a factor of 21977?
False
Is 115 a multiple of 5?
True
Is 48 a multiple of 24?
True
Is 94 a multiple of 3?
False
Is 201 a factor of 19497?
True
Is 1001 a multiple of 10?
False
Does 72 divide 38232?
True
Is 26 a factor of 520?
True
Is 39018 a multiple of 14?
True
Is 526 a multiple of 21?
False
Does 24 divide 192?
True
Does 21 divide 1275?
False
Is 400 a multiple of 16?
True
Is 25 a factor of 3125?
True
Does 7 divide 3581?
False
Is 229 a multiple of 18?
False
Is 3 a factor of 535?
False
Is 18 a factor of 75?
False
Is 57782 a multiple of 346?
True
Is 19 a factor of 337?
False
Is 1985 a multiple of 34?
False
Is 48807 a multiple of 99?
True
Is 95 a factor of 134698?
False
Is 22 a factor of 9636?
True
Does 61 divide 976?
True
Does 13 divide 574?
False
Is 66 a factor of 327?
False
Does 15 divide 210?
True
Is 1980 a multiple of 20?
True
Is 64874 a multiple of 392?
False
Is 4900 a multiple of 10?
True
Is 1456 a multiple of 14?
True
Is 22440 a multiple of 220?
True
Does 123 divide 2952?
True
Is 14 a factor of 5936?
True
Is 40 a factor o